{"id":1148,"date":"2013-12-28T11:19:35","date_gmt":"2013-12-28T11:19:35","guid":{"rendered":"http:\/\/seerose-obertraun.com\/?page_id=1148"},"modified":"2016-10-21T20:22:57","modified_gmt":"2016-10-21T19:22:57","slug":"summer","status":"publish","type":"page","link":"http:\/\/seerose-obertraun.com\/hu\/summer.htm","title":{"rendered":"Ny\u00e1ri szezon"},"content":{"rendered":"<p><\/p>\n<p><strong>Kikapcsol\u00f3d\u00e1sra v\u00e1gyik, vagy csak egy kis pihen\u00e9sre? A csod\u00e1s ausztriai Salzkammergut r\u00e9gi\u00f3ban tal\u00e1lhat\u00f3 Obertraun-ban ker\u00fclt kialak\u00edt\u00e1sra apartmanunk, amelyben k\u00fcl\u00f6nf\u00e9le szob\u00e1k \u00e9s apartmanok v\u00e1rj\u00e1k az idel\u00e1togat\u00f3kat. Az apartman Daschstein-t\u0151l 4 km-re, a Hallstat-i t\u00f3 partj\u00e1t\u00f3l pedig egy percnyi s\u00e9t\u00e1ra tal\u00e1lhat\u00f3.<\/strong><\/p>\n<p>Az apartman elhelyezked\u00e9s\u00e9b\u0151l ad\u00f3d\u00f3an egyar\u00e1nt alkalmas ny\u00e1ri vagy t\u00e9li vak\u00e1ci\u00f3 elt\u00f6lt\u00e9s\u00e9re, ak\u00e1r \u00f6n\u00e1ll\u00f3an, ak\u00e1r t\u00f6bbedmagaddal k\u00edv\u00e1nod ig\u00e9nybe venni a szolg\u00e1ltat\u00e1sainkat.<\/p>\n<p>Sokoldal\u00fa szabadid\u0151s tev\u00e9kenys\u00e9geket k\u00edn\u00e1lunk, mint pl.: \u00fasz\u00e1s, horg\u00e1szat, vitorl\u00e1z\u00e1s, kenuz\u00e1s, b\u00fav\u00e1rkod\u00e1s, hegyi ker\u00e9kp\u00e1ros t\u00far\u00e1k, sikl\u00f3erny\u0151z\u00e9s, vad v\u00edzi evez\u00e9s, barlang\u00e1szat, hegym\u00e1sz\u00e1s, \u00e9s nem utols\u00f3sorban s\u00edel\u00e9s, illetve snowboard.<\/p>\n<p>A v\u00e1ros \u00e9s a k\u00f6rny\u00e9k sok l\u00e1tnival\u00f3t tartogat mag\u00e1ban, mint p\u00e9ld\u00e1ul a Vil\u00e1g\u00f6r\u00f6ks\u00e9gi ter\u00fclett\u00e9 nyilv\u00e1n\u00edtott 4500 \u00e9ves Hallstadt-i s\u00f3b\u00e1ny\u00e1k, vagy a Dashstein barlangok (j\u00e9gbarlang, mamutbarlang, Koppenbrulleholde), hogy csak p\u00e1rat eml\u00edts\u00fcnk. Fergeteges \u00e9lm\u00e9nyt ny\u00fajthat, amint az 5 ujjas kil\u00e1t\u00f3r\u00f3l tekintesz le, vagy pedig kellemes felszabadul\u00e1st, amint s\u00e9t\u00e1val megtekinted a Heilbronner Kreuz-t.<br \/>\nKil\u00e1t\u00f3k, leny\u0171g\u00f6z\u0151 barlangok, tan\u00f6sv\u00e9nyek sokas\u00e1ga, v\u00e9gtelen sportol\u00e1si lehet\u0151s\u00e9g \u2013 \u00dcdv\u00f6zl\u00fcnk Dachstein-ben!<\/p>\n<p>A v\u00e1ros \u00e9s a term\u00e9szet k\u00f6zels\u00e9ge igaz\u00e1n felemel\u0151, \u00f6r\u00f6mteli pillanatokkal gazdagodhatunk az itt elt\u00f6lt\u00f6tt napok alatt.<\/p>\n<p>Tekintsd meg honlapunkat a helyi nevezetess\u00e9gekr\u0151l, a szabadid\u0151s programokr\u00f3l, illetve sz\u00e1ll\u00e1slehet\u0151s\u00e9gekr\u0151l!<\/p>","protected":false},"excerpt":{"rendered":"<p>Kikapcsol\u00f3d\u00e1sra v\u00e1gyik, vagy csak egy kis pihen\u00e9sre? A csod\u00e1s ausztriai Salzkammergut r\u00e9gi\u00f3ban tal\u00e1lhat\u00f3 Obertraun-ban ker\u00fclt kialak\u00edt\u00e1sra apartmanunk, amelyben k\u00fcl\u00f6nf\u00e9le szob\u00e1k \u00e9s apartmanok v\u00e1rj\u00e1k az idel\u00e1togat\u00f3kat. Az apartman Daschstein-t\u0151l 4 km-re, a Hallstat-i t\u00f3 partj\u00e1t\u00f3l pedig egy percnyi s\u00e9t\u00e1ra tal\u00e1lhat\u00f3. Az apartman elhelyezked\u00e9s\u00e9b\u0151l ad\u00f3d\u00f3an egyar\u00e1nt alkalmas ny\u00e1ri vagy t\u00e9li vak\u00e1ci\u00f3 elt\u00f6lt\u00e9s\u00e9re, ak\u00e1r \u00f6n\u00e1ll\u00f3an, ak\u00e1r t\u00f6bbedmagaddal k\u00edv\u00e1nod<\/p>\n","protected":false},"author":1,"featured_media":0,"parent":0,"menu_order":0,"comment_status":"closed","ping_status":"open","template":"","meta":[],"aioseo_notices":[],"_links":{"self":[{"href":"http:\/\/seerose-obertraun.com\/hu\/wp-json\/wp\/v2\/pages\/1148"}],"collection":[{"href":"http:\/\/seerose-obertraun.com\/hu\/wp-json\/wp\/v2\/pages"}],"about":[{"href":"http:\/\/seerose-obertraun.com\/hu\/wp-json\/wp\/v2\/types\/page"}],"author":[{"embeddable":true,"href":"http:\/\/seerose-obertraun.com\/hu\/wp-json\/wp\/v2\/users\/1"}],"replies":[{"embeddable":true,"href":"http:\/\/seerose-obertraun.com\/hu\/wp-json\/wp\/v2\/comments?post=1148"}],"version-history":[{"count":10,"href":"http:\/\/seerose-obertraun.com\/hu\/wp-json\/wp\/v2\/pages\/1148\/revisions"}],"predecessor-version":[{"id":3668,"href":"http:\/\/seerose-obertraun.com\/hu\/wp-json\/wp\/v2\/pages\/1148\/revisions\/3668"}],"wp:attachment":[{"href":"http:\/\/seerose-obertraun.com\/hu\/wp-json\/wp\/v2\/media?parent=1148"}],"curies":[{"name":"wp","href":"https:\/\/api.w.org\/{rel}","templated":true}]}}

Nyári szezon

<p></p>
<p><strong>Kikapcsolódásra vágyik, vagy csak egy kis pihenésre? A csodás ausztriai Salzkammergut régióban található Obertraun-ban került kialakításra apartmanunk, amelyben különféle szobák és apartmanok várják az idelátogatókat. Az apartman Daschstein-től 4 km-re, a Hallstat-i tó partjától pedig egy percnyi sétára található.</strong></p>
<p>Az apartman elhelyezkedéséből adódóan egyaránt alkalmas nyári vagy téli vakáció eltöltésére, akár önállóan, akár többedmagaddal kívánod igénybe venni a szolgáltatásainkat.</p>
<p>Sokoldalú szabadidős tevékenységeket kínálunk, mint pl.: úszás, horgászat, vitorlázás, kenuzás, búvárkodás, hegyi kerékpáros túrák, siklóernyőzés, vad vízi evezés, barlangászat, hegymászás, és nem utolsósorban síelés, illetve snowboard.</p>
<p>A város és a környék sok látnivalót tartogat magában, mint például a Világörökségi területté nyilvánított 4500 éves Hallstadt-i sóbányák, vagy a Dashstein barlangok (jégbarlang, mamutbarlang, Koppenbrulleholde), hogy csak párat említsünk. Fergeteges élményt nyújthat, amint az 5 ujjas kilátóról tekintesz le, vagy pedig kellemes felszabadulást, amint sétával megtekinted a Heilbronner Kreuz-t.<br />
Kilátók, lenyűgöző barlangok, tanösvények sokasága, végtelen sportolási lehetőség – Üdvözlünk Dachstein-ben!</p>
<p>A város és a természet közelsége igazán felemelő, örömteli pillanatokkal gazdagodhatunk az itt eltöltött napok alatt.</p>
<p>Tekintsd meg honlapunkat a helyi nevezetességekről, a szabadidős programokról, illetve szálláslehetőségekről!</p>

<p>Kikapcsolódásra vágyik, vagy csak egy kis pihenésre? A csodás ausztriai Salzkammergut régióban található Obertraun-ban került kialakításra apartmanunk, amelyben különféle szobák és apartmanok várják az idelátogatókat. Az apartman Daschstein-től 4 km-re, a Hallstat-i tó partjától pedig egy percnyi sétára található. Az apartman elhelyezkedéséből adódóan egyaránt alkalmas nyári vagy téli vakáció eltöltésére, akár önállóan, akár többedmagaddal kívánod</p>
